= 7*a + 48. Let y be 3 + 0*-2*2/(-4). Let q = y - -7. List the prime factors of o(q).
2, 59
List the prime factors of (-26)/(34 + -38 + 427/107).
2, 13, 107
Suppose 0 = 298*w - 249*w - 364560. List the prime factors of w.
2, 3, 5, 31
Let a(b) = 10*b**2 + 15*b - 4. Suppose 3*d - 12 = -v, -2*d = -2*v + 3 - 19. List the prime factors of a(d).
3, 107
Let s = 4438 + -148. Suppose 0 = -3*b - 5*n - 1516 + 4056, -3*n = -5*b + s. What are the prime factors of b?
3, 5, 19
Suppose 2 = -3*m + 17. Suppose 206*j - 203*j = 438. Suppose 3*r = 3*l + 330, -39 - j = -2*r - m*l. What are the prime factors of r?
3, 5, 7
What are the prime factors of (-145)/(-58) - (-13059)/2 - (-2 + -2)?
2, 19, 43
Suppose 10*h - 50 = -0*h. Suppose -2*p = -3*y + 1467, 3*y - h*p = 5*y - 978. List the prime factors of y.
3, 163
Suppose 2 + 4 = 3*k. Suppose 0 = -3*w - 4*j - 527, 2*j + k*j = -5*w - 881. Let s = -104 - w. What are the prime factors of s?
73
Suppose 41*x + 34990 = 36*x. Let h be x/(-12) + (-2)/12. Suppose 0 = -7*d + h + 173. What are the prime factors of d?
2, 3
Let w be (-209)/(-99) - 1/9. Suppose 3*x - 3*b - 3 = 0, -4*x - w*b = 8 + 12. List the prime factors of 1/(x/(-804)*4).
67
Let v(k) = 17*k - 2. Let h be v(4). Let r = -56 - -40. Let z = h + r. What are the prime factors of z?
2, 5
Let a = 13733 - 8924. What are the prime factors of a?
3, 7, 229
Suppose 4*x - 330 + 109 = -5*p, 4*p + 4*x - 176 = 0. Suppose b - 54 = -p. List the prime factors of b.
3
Let t be 178/12 - ((-150)/36 - -4). Suppose t*h - 72 = 14*h. List the prime factors of h.
2, 3
What are the prime factors of -16775*(-13 - (-62)/5)?
3, 5, 11, 61
Let l(i) = -i**3 + i + 13. Let p be l(-8). Suppose 704 + p = 3*b. List the prime factors of b.
11, 37
Suppose 15*i - 6123 = 2*i. Let p = 204 - i. Let d = 485 + p. List the prime factors of d.
2, 109
Suppose -4*g + 566 = 4*n - 82, -5*n + 5*g = -760. Let k = -254 + n. List the prime factors of -1*2*1 - (-144 - k).
3, 5
List the prime factors of (466/8)/(6566/504 - 13).
3, 233
Let t be 10 - (-1 - (4 - 4)). Suppose -258 = -t*b + 5*b. Suppose 11*l - 12*l = -b. What are the prime factors of l?
43
Let f = -7718 - -19899. What are the prime factors of f?
13, 937
Suppose -9*b + 11*b - 72 = 0. Let s = b + -68. Let x = s + 120. List the prime factors of x.
2, 11
Suppose -10 = -2*j, 5*j - 212340 + 48203 = -2*g. What are the prime factors of g?
2, 3, 13, 263
Let l = 22183 - -53873. What are the prime factors of l?
2, 3, 3169
Let z(w) = -17*w**3 + w**2 - 7*w - 3. Let x be (-63)/14 + (-12)/(-8). List the prime factors of z(x).
2, 3
Let f = -70 - -63. List the prime factors of (4/f)/(18/(-7119)).
2, 113
Let a(n) = 14 + 3 + 8*n + 18*n**3 - 19*n**3 - 3 - 5*n**2. Let w be a(-6). Let j(r) = 7*r**3 - r**2 + r. What are the prime factors of j(w)?
2, 3
Let z be 6/(-8) + 33/12. Suppose 5*p + 5*f - 15 = 0, -z*p + 2*f + 0*f + 22 = 0. Suppose -p*o - 164 = -577. What are the prime factors of o?
59
Suppose -20809 = -5*w - 3*y, -3*w - 2518 + 15004 = 2*y. What are the prime factors of w?
2, 5, 13
Let h be (-60)/(-45)*1242/3. Suppose -n + l = -270 + 86, 3*n - h = 2*l. What are the prime factors of n?
2, 23
Let r = 362 + -358. Suppose 3*t - 2739 = -r*h + 208, 3*h = 12. List the prime factors of t.
977
Suppose 30*d - 4*m - 78219 = 25*d, 3*d - m - 46923 = 0. What are the prime factors of d?
3, 13, 401
Suppose -2*k = -w - 18, 0*k - 3*k - w + 32 = 0. Let q = 84 + k. Let c = q - 18. What are the prime factors of c?
2, 19
Let r = -21305 - -24208. List the prime factors of r.
2903
Let u(h) = h**3 - 22*h**2 - 60*h + 47. Let j be u(25). Let a = j + 85. What are the prime factors of a?
3, 13
Let f(u) = 87*u - 112. Let j be f(5). Let s = 65 + j. What are the prime factors of s?
2, 97
Suppose 37*l = 81*l - 46*l + 19300. What are the prime factors of l?
2, 5, 193
Suppose 12*w + 3627 = 2*b + 7*w, -3*b + w + 5460 = 0. What are the prime factors of b?
3, 607
Let h(m) = -10*m + 12. Let p be h(0). Suppose -p = 4*r, 1707 + 1334 = 5*z - 2*r. List the prime factors of z.
607
Let b(p) = 3*p**3 - 5*p**2 + 4*p - 7. Suppose -l - 2*w = 0, l = -2*l - 5*w + 3. List the prime factors of b(l).
5, 97
Let s = -98 + 101. Suppose 0*n - 2*n - f = s, -2*f = -n - 14. What are the prime factors of 1*n - (6 + -3 + -55)?
2, 3
Suppose -2*q - 8*a + 4*a + 1598 = 0, 4*q = a + 3232. Suppose -15*f - q = -16*f. What are the prime factors of f?
3, 269
What are the prime factors of (-14 - 704)*((-25)/2 - -8)?
3, 359
Let h = -49 - -49. Suppose h = -9*f + 6*f + 78. What are the prime factors of f/(-52) + 431/2?
5, 43
Let k be (49/3)/((-10)/(-150)). Let m = k - 196. List the prime factors of m.
7
Let i = 25511 - 16462. What are the prime factors of i?
9049
Let i(k) = k + 19. Let t be i(-20). Let a be (t + 2)*(9 + 118). List the prime factors of (a - 2) + -6 + 9.
2
Let a(t) = -t**3 + 32*t**2 - 47*t - 15. Let g be a(29). Let r = g - 479. What are the prime factors of r?
2, 3, 37
Let b(j) = 8*j**2 + 40*j - 30. Let r be b(-15). Suppose 3*c - 7*c + 468 = 2*n, c - r = -5*n. List the prime factors of n.
2, 3, 13
Let z(i) be the first derivative of 132*i**3 + 2*i**2 - 2*i - 234. List the prime factors of z(1).
2, 199
Let a = -111 - -113. Suppose -m = -a*q + 409, m = -2*q - 87 + 494. List the prime factors of q.
2, 3, 17
Let q = 115 + -37. Let d = q - 78. Suppose d*t - 1956 = -12*t. What are the prime factors of t?
163
Let r(m) = -31*m + 125. Let z(y) = -29*y + 124. Let t(s) = -6*r(s) + 7*z(s). What are the prime factors of t(-15)?
373
Let k(i) = -4*i**3 - 6*i**2 + 2*i - 4. Let f be k(-5). Suppose -35*m = -38*m + f. Let d = 13 + m. List the prime factors of d.
5
Suppose 3*z + 614 = -2*s, -812 = 4*z - 3*s - s. Let l = z - -346. What are the prime factors of l?
2, 71
Suppose -4*f - 12 = -l, -3*f + 40 = 3*l - 26. Suppose -4*x + 19 = v - 0, -2*x = v - 11. List the prime factors of (106/5)/(64/l - v).
2, 53
Suppose 45 = -7*q + 10*q. Suppose -4*o + q*o - 2970 = 0. What are the prime factors of o?
2, 3, 5
Suppose -33*w - 90 = -38*w. Suppose -17*z = -w*z + 117. List the prime factors of z.
3, 13
Let v = 11864 + 3012. What are the prime factors of v?
2, 3719
Suppose 89 = -4*x + 121. Let v(r) = r - x*r + 1 + 2*r + 13*r. List the prime factors of v(2).
17
Let i(m) be the first derivative of m**4/4 + 2*m**3/3 + 254*m + 41. Let y be (-7 - -7)/(4/2). List the prime factors of i(y).
2, 127
Let y be -2 + 0*4/20 + -404. Let o = 634 + y. List the prime factors of o.
2, 3, 19
Let w(j) = -81*j**3 + 7*j**2 + 261*j + 2164. What are the prime factors of w(-9)?
103, 577
Let l(x) = 8*x**3 - 13*x**2 + 46*x - 295. What are the prime factors of l(10)?
5, 1373
Let v be (-15 - 0)/(2/(64/(-12))). Let c be (-1)/4 - (-7250)/v. Suppose 3*j - 282 = -3*o, 4*j + 2*o - 191 - c = 0. List the prime factors of j.
2, 23
Let g(u) = 10*u + u - 10*u**3 + 0*u**2 - 8*u**2 + 7*u**2 + 37 + 5*u. What are the prime factors of g(-4)?
3, 199
Let w = 15 + -2. Let c = w + 60. Suppose -3*x + 111 = 3*h - 0, -3*x + c = 2*h. What are the prime factors of h?
2, 19
Suppose f + 5*k - 25 = 0, f + 3*k - 1 = 16. Suppose -2*p + 998 = -b - 404, 4*b - 3492 = -f*p. What are the prime factors of p?
2, 5, 7
Suppose 24*c - 66720 = -8*c. List the prime factors of -4*(c/(-6) + -5).
2, 3, 5, 47
Let i be 2 + ((-4)/2 - -1) + 2. Suppose 5*f - 12 - 8 = 0, 0 = i*o + 3*f - 213. Suppose 6*c = -o + 199. What are the prime factors of c?
2, 11
Suppose -26*m + 774 = -29*m. Let u = m + 340. What are the prime factors of u?
2, 41
Suppose -3306 + 362 = -o. List the prime factors of o.
2, 23
Let x(j) = 49*j**2 + j - 1. Let q be x(1). Let i(v) = v**3 - 17*v**2 - v - 18. Let g be i(17). Let p = q + g. List the prime factors of p.
2, 7
Let m(d) = -13 - 43*d + 863*d**2 + 26*d - 3. What are the prime factors of m(-1)?
2, 3
Let o(i) = 8*i - 26. Let c be o(0). Let j = 28 + c. List the prime factors of j.
2
Let a be (-32)/20*(-10)/4. Let m be (-240)/(-75) - a/(-5). What are the prime factors of 83 + m/1*-1?
79
Suppose 268*t - 20444431 = -2498615. What are the prime factors of t?
2, 7, 4783
Let h = -193 - -179. Let l(k) = 3*k**2 - 6*k - 118. List the prime factors of l(h).
2, 277
Let d be 216/42*-14*(-2)/6. Suppose 14*r + d*r = 28994. List the prime factors of r.
7, 109
Let y(r) be the first derivative of -r**3/3 - 15*r**2/2 - 45*r + 17. What are